 = 0, 0 = -5*b. Let q(i) = -2*i**3 + i**2 + 16. Let d be q(0). Calculate the highest common divisor of d and j.
16
Let k be (-10)/6 + 2/3. Let o = 25 + k. Suppose z - 5*c = -z + 11, -5*z + 4*c = -19. What is the greatest common divisor of o and z?
3
Let d(a) = -a**3 + a. Let t be d(-2). Calculate the highest common divisor of 48 and t.
6
Suppose -3*i + 0*i + 6 = 0. Let s be (i - 4)/((-1)/2). Suppose -9 = -3*q - s*o + o, -19 = -3*q - o. What is the highest common divisor of q and 12?
4
Let w(u) = u**3 + 8*u**2 + 7*u + 3. Let j be w(-7). Let a be (j + -2)*(0 + 45). What is the highest common factor of a and 9?
9
Let c be (4/(-2))/(8 + 1086/(-135)). Let v be 2/(-2)*9/(-1). Calculate the greatest common factor of v and c.
9
Let l be 5/((-2)/(-30)*1). Let o(s) = 31*s**3 - 1. Let g be o(1). Calculate the greatest common factor of l and g.
15
Let f(g) = 3*g - 66. Let n be f(23). Let p = 18 - -12. Calculate the greatest common divisor of p and n.
3
Let b(g) = g - 3. Let x be b(4). Calculate the highest common divisor of 11 and x.
1
Let i(c) = c**3 + 6*c**2 + 4. Let a be 68/(-12) + (-2)/6. Let m be i(a). What is the greatest common factor of 12 and m?
4
Let m(p) = -p + 7. Let i be m(3). Suppose 0 = 3*x - 4*j - 104, 2*x - 4*j = 6*x - 92. Calculate the greatest common factor of i and x.
4
Let t(r) = 2*r**2 - 14*r - 16. Let a be t(11). Suppose -6*v + a = -4*v. What is the highest common factor of v and 18?
18
Let r be ((-351)/(-12))/((-6)/(-32)). Calculate the greatest common factor of r and 26.
26
Suppose 17 = q + 12. Calculate the highest common factor of 5 and q.
5
Let g be 19 + 2/4*(-1 + 3). Calculate the greatest common divisor of 180 and g.
20
Let l be ((-9)/18)/(1/(-24)). Calculate the greatest common divisor of l and 48.
12
Let y(k) = -2*k**3 - 2*k**2 + 3*k - 9. Let z be y(-4). Calculate the highest common divisor of z and 30.
15
Let m(u) = u**2 + u + 6. Let f be m(3). Suppose 5*v = 8*v - 54. What is the greatest common divisor of v and f?
18
Suppose 2*w - 3*z - 195 = 0, -5*w - 3*z + 279 = -156. Calculate the greatest common divisor of w and 36.
18
Let v = -9 - -5. Let j be v/(-18) + 6/(-27). Suppose -4*r - 49 + 189 = j. Calculate the greatest common factor of 14 and r.
7
Suppose 4*i + 65 = 4*p + 3*i, -4*i = p - 12. Suppose 5*x - 17 - 13 = -5*y, 3*y - 6 = 3*x. What is the highest common factor of p and x?
2
Suppose 0 = -2*r - 3*r, 0 = 4*x - 2*r + 60. Let a be x/(-2 - (-12)/8). Calculate the highest common factor of a and 15.
15
Suppose -13*m + 315 = -6*m. What is the highest common factor of 450 and m?
45
Let i(s) = -5*s + 1. Let z be -2 + 0/(0 + -2). Let r be i(z). Calculate the highest common divisor of r and 11.
11
Let v(p) = 4*p - 2. Let u be v(4). Suppose l = -0*l + u. What is the highest common divisor of l and 154?
14
Let m be (-1 + 2)/1*2. Suppose 4*u = -5*o + 26, -16 = 4*u - 7*u - m*o. Let t = 27 + -26. Calculate the greatest common divisor of u and t.
1
Suppose -5*d - j = -27, -4*d - j = j - 18. Let v(p) = p**3 - 6*p**2 - 2*p - 5. Let m be v(7). Calculate the greatest common factor of m and d.
6
Suppose -b = 2*b. Suppose -17 = 3*s + 2*h - 47, -2*s + 3*h + 20 = b. Let v be 524/s + 4/(-10). Calculate the highest common factor of 13 and v.
13
Suppose 5*n = 9*n - 12. Let t = -11 - -38. What is the highest common divisor of n and t?
3
Let h = 20 - 7. What is the greatest common factor of 1 and h?
1
Let i(j) = 2*j + 23. Let w be i(-7). What is the highest common factor of w and 72?
9
Let a be 3 + -5 + 1 - 3. Let f be ((-98)/21)/(a/78). Calculate the highest common factor of 13 and f.
13
Let j be ((-6)/(-4))/(6/16). Suppose 5*f + 5 = 5*w, -j*w = -2*f - 0*w - 12. Let r = -14 - -24. Calculate the highest common factor of f and r.
2
Let r(v) = 10*v - 46. Let k be r(6). What is the highest common divisor of 7 and k?
7
Suppose m = 6*m - 370. Suppose -16 = -5*f + m. What is the highest common factor of f and 27?
9
Let d = 61 + 1. Suppose d + 178 = 4*p. Suppose -r = -10 - 2. Calculate the greatest common factor of p and r.
12
Suppose -25 = -5*t, 4*j - 9*j - 45 = 4*t. Let i = j + 53. Suppose 1 + 15 = 2*m. What is the highest common factor of i and m?
8
Suppose -o + 60 = -3. What is the greatest common divisor of 7 and o?
7
Let p = -12 + 14. Suppose 2*i + p*f - 54 = 0, -5*f = 9 + 6. Calculate the highest common factor of i and 12.
6
Let w(v) = v**3 + 5*v**2 + v + 5. Let b be w(-5). Suppose -x + 2 + 0 = b. Suppose -3*u + x*u + 1 = 0. What is the greatest common factor of u and 9?
1
Suppose -3*f - 3*g + 0*g = -15, -3*f - 2*g + 10 = 0. Let q be (-1 - 14)*-1 - f. Calculate the highest common divisor of q and 6.
3
Let g = -179 - -251. Calculate the greatest common factor of 18 and g.
18
Suppose -5*k = 6*r - 2*r - 1269, -2*r - 265 = -k. Let d = -198 + 22. Let s = k + d. Calculate the greatest common divisor of 9 and s.
9
Let s = -14 - -23. Suppose -4*i = -2*u - 0*i, -3*u = 4*i. Suppose r + r - 18 = u. Calculate the greatest common divisor of r and s.
9
Let b be ((2 + -1)*-1)/(-1). Let t(u) = u**2 + 5*u + 6. Let w be t(-4). Let p be 36*b/(-1 + w). Calculate the highest common factor of p and 4.
4
Let w = 1 - -3. Let c(t) = t - 2. Let g be c(w). Suppose -i - g = -v, 3*i - 17 - 5 = -4*v. Calculate the greatest common divisor of 10 and v.
2
Let r be 0/2*(6 - 5). Suppose 6*v - v - 70 = r. What is the greatest common divisor of 126 and v?
14
Let u be (-8)/(-36) + 32/18. Calculate the highest common factor of 10 and u.
2
Let k = 84 - 201. Let u be k/3*(-2 + 1). What is the highest common factor of u and 26?
13
Let o be 1/(3 - (-42)/(-15)). Suppose 12 = -3*r - r, -o*r = -3*h + 36. Suppose 8*b - 3*b = 70. Calculate the greatest common factor of b and h.
7
Let a = 4 + 50. Suppose 0 = 2*q - o + 2*o - 41, 3*q - o = a. Calculate the greatest common factor of q and 19.
19
Let f(o) = 10*o. Let c be f(2). Let g be (-3)/(0 - (-3)/(-100)). What is the greatest common divisor of g and c?
20
Let h(s) = -s**2 + 5*s + 7. Let r be h(5). Suppose -r*n + 3*n = -88. Let m = -64 - -86. Calculate the highest common divisor of m and n.
22
Let n(s) = 13*s + 1. Let v be n(1). Let w(a) = -a**2 + 8*a + 6. Let j be w(8). Suppose -j*d + 448 = -2*d. What is the highest common factor of d and v?
14
Suppose 2 + 5 = -v. Let p = 1 - v. Let r = 2 + p. Calculate the greatest common divisor of 60 and r.
10
Suppose -2*c + 62 = 32. What is the highest common divisor of c and 3?
3
Let p(t) = 129*t + 4. Let c be p(1). Calculate the greatest common factor of c and 19.
19
Suppose -v + 2*v - 6 = 0. Suppose -v*s + 40 = -2*s. What is the greatest common factor of 15 and s?
5
Suppose q = 3*q - 4. Suppose 3*k - 6 = 6. Suppose -c - k*w - 11 = 0, -5*c = -5*w - 8 - 37. Calculate the highest common factor of c and q.
1
Let u be 3/6 - ((-3825)/6)/5. Let m be 0 + 18 - (0 + 2). Calculate the highest common factor of u and m.
16
Let f = 81 - 41. Calculate the greatest common factor of 60 and f.
20
Let x be 0 - 2 - -1 - -97. Let s(m) = m**2 + 12*m + 6. Let o be s(-8). Let w = -14 - o. What is the greatest common divisor of w and x?
12
Let s = -2 + 3. Suppose -4*g + 28 = -4*h - 0*h, 5*g = -h + 47. What is the greatest common factor of s and g?
1
Suppose -d + 4*d - 12 = 0. Suppose -m + d = -0*m. What is the highest common factor of m and 6?
2
Let t = 18 - 12. Let j(h) = -h**3 - 3*h**2 + 8*h + 6. Let y be j(-6). What is the greatest common divisor of t and y?
6
Let g(z) = z**3 - 3*z**2 + 2*z - 2. Let u be g(4). Let q(s) = s**3 + s**2 - 13*s + 5. Let b be q(4). What is the greatest common factor of u and b?
11
Let j(d) = 11*d**2 - d + 3. Let w be j(-3). Let p = -34 - -49. Calculate the greatest common factor of w and p.
15
Let i = -37 - -77. What is the highest common factor of 4 and i?
4
Let m = -30 + 60. Calculate the highest common factor of m and 240.
30
Let c be (5 - (4 + -2)) + 182. Let i = c - 131. What is the greatest common divisor of 6 and i?
6
Let x(k) = 9*k**2 - 8*k**2 - 1 + 2 + 2*k. Let o be x(-5). Calculate the highest common divisor of o and 176.
16
Let y be ((-8)/12)/((-4)/30). What is the highest common divisor of 35 and y?
5
Let j(w) = -w**3 + 5*w**2 - 5*w + 4. Let x be j(4). Suppose -4*q + 20 = -x*q. Calculate the highest common factor of 35 and q.
5
Let k be 12/(-4)*2/(-6). Let i be (1 - -1 - 3)/k. Le